{"id":1041,"date":"2023-09-08T14:43:00","date_gmt":"2023-09-08T11:43:00","guid":{"rendered":"https:\/\/parnumaa.ee\/maal-elamise-paev\/?post_type=listing&#038;p=1041"},"modified":"2025-08-22T13:02:26","modified_gmt":"2025-08-22T10:02:26","slug":"saab-osta-varsket-suitsukala-ja-marinaadi","status":"publish","type":"listing","link":"https:\/\/parnumaa.ee\/maal-elamise-paev\/uritus\/saab-osta-varsket-suitsukala-ja-marinaadi\/","title":{"rendered":"Saab osta v\u00e4rsket suitsukala ja marinaadi"},"content":{"rendered":"<p>Maal Elamise P\u00e4eval on kell 10-19 avatud Kalakuningate m\u00fc\u00fcgipunkt. Pakutakse suitsukala otse ahjust ja mitmeid erinevaid kalade marinaad. Suitsukaladest pakutakse angerjat, latikat, ahvenat, meriahvenat, skumbriat ja heiki.<\/p>\n<p><img fetchpriority=\"high\" decoding=\"async\" class=\"alignnone wp-image-1087 size-large\" src=\"https:\/\/parnumaa.ee\/maal-elamise-paev\/wp-content\/uploads\/2023\/09\/Angerjasupp-4744982010263-768x1024.jpg\" alt=\"\" width=\"768\" height=\"1024\" srcset=\"https:\/\/parnumaa.ee\/maal-elamise-paev\/wp-content\/uploads\/2023\/09\/Angerjasupp-4744982010263-768x1024.jpg 768w, https:\/\/parnumaa.ee\/maal-elamise-paev\/wp-content\/uploads\/2023\/09\/Angerjasupp-4744982010263-225x300.jpg 225w, https:\/\/parnumaa.ee\/maal-elamise-paev\/wp-content\/uploads\/2023\/09\/Angerjasupp-4744982010263-443x590.jpg 443w, https:\/\/parnumaa.ee\/maal-elamise-paev\/wp-content\/uploads\/2023\/09\/Angerjasupp-4744982010263-503x670.jpg 503w, https:\/\/parnumaa.ee\/maal-elamise-paev\/wp-content\/uploads\/2023\/09\/Angerjasupp-4744982010263-577x769.jpg 577w, https:\/\/parnumaa.ee\/maal-elamise-paev\/wp-content\/uploads\/2023\/09\/Angerjasupp-4744982010263.jpg 1080w\" sizes=\"(max-width: 768px) 100vw, 768px\" \/><\/p>\n<p>&nbsp;<\/p>\n","protected":false},"author":1,"featured_media":1042,"comment_status":"open","ping_status":"closed","template":"","meta":[],"listing_category":[91,62],"classifieds_category":[89],"listing_feature":[],"region":[90],"class_list":["post-1041","listing","type-listing","status-publish","has-post-thumbnail","hentry","listing_category-talutooted","listing_category-avatud-kohvik","classifieds_category-audru-osavald","region-audru"],"_links":{"self":[{"href":"https:\/\/parnumaa.ee\/maal-elamise-paev\/wp-json\/wp\/v2\/listing\/1041","targetHints":{"allow":["GET"]}}],"collection":[{"href":"https:\/\/parnumaa.ee\/maal-elamise-paev\/wp-json\/wp\/v2\/listing"}],"about":[{"href":"https:\/\/parnumaa.ee\/maal-elamise-paev\/wp-json\/wp\/v2\/types\/listing"}],"author":[{"embeddable":true,"href":"https:\/\/parnumaa.ee\/maal-elamise-paev\/wp-json\/wp\/v2\/users\/1"}],"replies":[{"embeddable":true,"href":"https:\/\/parnumaa.ee\/maal-elamise-paev\/wp-json\/wp\/v2\/comments?post=1041"}],"wp:featuredmedia":[{"embeddable":true,"href":"https:\/\/parnumaa.ee\/maal-elamise-paev\/wp-json\/wp\/v2\/media\/1042"}],"wp:attachment":[{"href":"https:\/\/parnumaa.ee\/maal-elamise-paev\/wp-json\/wp\/v2\/media?parent=1041"}],"wp:term":[{"taxonomy":"listing_category","embeddable":true,"href":"https:\/\/parnumaa.ee\/maal-elamise-paev\/wp-json\/wp\/v2\/listing_category?post=1041"},{"taxonomy":"classifieds_category","embeddable":true,"href":"https:\/\/parnumaa.ee\/maal-elamise-paev\/wp-json\/wp\/v2\/classifieds_category?post=1041"},{"taxonomy":"listing_feature","embeddable":true,"href":"https:\/\/parnumaa.ee\/maal-elamise-paev\/wp-json\/wp\/v2\/listing_feature?post=1041"},{"taxonomy":"region","embeddable":true,"href":"https:\/\/parnumaa.ee\/maal-elamise-paev\/wp-json\/wp\/v2\/region?post=1041"}],"curies":[{"name":"wp","href":"https:\/\/api.w.org\/{rel}","templated":true}]}}

Saab osta värsket suitsukala ja marinaadi

<p>Maal Elamise Päeval on kell 10-19 avatud Kalakuningate müügipunkt. Pakutakse suitsukala otse ahjust ja mitmeid erinevaid kalade marinaad. Suitsukaladest pakutakse angerjat, latikat, ahvenat, meriahvenat, skumbriat ja heiki.</p>
<p><img fetchpriority="high" decoding="async" class="alignnone wp-image-1087 size-large" src="https://parnumaa.ee/maal-elamise-paev/wp-content/uploads/2023/09/Angerjasupp-4744982010263-768x1024.jpg" alt="" width="768" height="1024" srcset="https://parnumaa.ee/maal-elamise-paev/wp-content/uploads/2023/09/Angerjasupp-4744982010263-768x1024.jpg 768w, https://parnumaa.ee/maal-elamise-paev/wp-content/uploads/2023/09/Angerjasupp-4744982010263-225x300.jpg 225w, https://parnumaa.ee/maal-elamise-paev/wp-content/uploads/2023/09/Angerjasupp-4744982010263-443x590.jpg 443w, https://parnumaa.ee/maal-elamise-paev/wp-content/uploads/2023/09/Angerjasupp-4744982010263-503x670.jpg 503w, https://parnumaa.ee/maal-elamise-paev/wp-content/uploads/2023/09/Angerjasupp-4744982010263-577x769.jpg 577w, https://parnumaa.ee/maal-elamise-paev/wp-content/uploads/2023/09/Angerjasupp-4744982010263.jpg 1080w" sizes="(max-width: 768px) 100vw, 768px" /></p>
<p>&nbsp;</p>
